860 + 6500. What is the greatest common factor of 360 and f?
40
Let m = 244 + -362. Suppose -2*t - 4*t = 228. Let j = t - m. Calculate the highest common factor of j and 10.
10
Suppose 24*y - 175*y = -9314 - 3521. What is the highest common divisor of 10625 and y?
85
Let h be -132 - (1/2)/((-26)/(-52)). Let x be 4054/14 + (-57)/h. What is the highest common divisor of 10 and x?
10
Suppose -841 = 10*v + 329. Let z = -105 - v. What is the highest common factor of z and 150?
6
Suppose -2*z = -119 - 43. Let m be 13 - (5 + 2) - -3. What is the highest common factor of m and z?
9
Let c(z) = 234*z**2 + 76*z - 30. Let s be c(-7). Calculate the greatest common divisor of s and 58.
58
Let b be (-4 - 304/(-12))/(5/(-165)). Let y = 880 + b. Calculate the greatest common divisor of y and 308.
44
Suppose t - 14852 = 11*g - 9*g, 0 = t - 4*g - 14850. Calculate the greatest common divisor of t and 14.
14
Suppose -2*t = 2*w - 7*w + 6, -46 = 5*t + 3*w. Let g be (-167)/t - (-3 - (-23)/8). What is the greatest common factor of 21 and g?
21
Let g(o) = -o**3 + 15*o**2 + 19*o - 46. Let x be g(18). Let l = x - -704. Calculate the highest common divisor of l and 16.
4
Suppose 7*t - 2*t = 0. Suppose t = 5*i + 2*x + 58, 0 = i - 0*x + x + 11. Let s = 36 + i. Calculate the highest common factor of 120 and s.
24
Let j(v) = -3*v**2 + 26*v - 26. Let o be j(7). Calculate the highest common divisor of o and 117.
9
Let o be (-1 + (-7)/(-2))/((-15)/(-330)). Let h be (o/10*(-20)/1)/(-1). Suppose k + 2*z = 3*z + 8, -22 = -2*k - z. What is the highest common factor of k and h?
10
Suppose 23*r = r + 88. Suppose r*p = -8, o + 3*o - 5*p - 4846 = 0. What is the highest common divisor of o and 39?
39
Suppose 194*h - 23970 = -5*f + 189*h, 0 = -4*f + h + 19176. Calculate the highest common factor of 306 and f.
102
Suppose 29*n + 12*n = 246. Suppose n*o = 862 + 2882. What is the highest common divisor of o and 48?
48
Suppose 0 = -23*g + 4870 - 155. Suppose -3*y + 227 = 5*s - 132, -371 = -3*y + s. Calculate the greatest common factor of y and g.
41
Let d(c) = -20*c. Suppose 670*k = 664*k - 6. Let p be d(k). Calculate the highest common divisor of p and 10.
10
Suppose 35785 = 5*b + 4*x - 18578, -21746 = -2*b - 2*x. Calculate the highest common factor of b and 7.
7
Let v(p) = -p**3 + p**2 + 3*p - 1. Let h be v(5). Let z be (-147735)/(-1127) - (-2)/(-23). Let x = z + h. Calculate the highest common divisor of 27 and x.
9
Suppose -z - 695*r + 697*r = -458, 5 = -5*r. What is the highest common divisor of 13984 and z?
152
Let t be (13 - 120/9)*(-9)/3 + 11. Suppose -s + 6*s - 240 = 0. Calculate the highest common divisor of t and s.
12
Let o = -10 - -56. Suppose 45*s - o*s + 34 = 0. What is the highest common divisor of 34 and s?
34
Let u = 25 - 13. Suppose 0 = -3*a - 125 + 113, -3*a - 18 = -2*h. Let s be h*2 - 5*(-14)/(-35). Calculate the highest common divisor of s and u.
4
Suppose -350*g + 204486 = -11114. Calculate the greatest common divisor of g and 21.
7
Suppose 330*a = 333*a - 66. Suppose a = -s + 397. What is the highest common divisor of s and 15?
15
Let i(g) = 14*g. Let u be i(1). Let b(t) = 2*t**2 - 6*t + 11. Let p be b(4). Suppose 0 = p*x + 131 - 397. What is the greatest common divisor of u and x?
14
Let x(c) = -3*c + 30. Let y be x(9). Suppose s - 152 = -m, -3*s - 136 - 332 = -y*m. Calculate the highest common divisor of m and 14.
14
Let v = 47 - 19. Let o = 737 + -735. Suppose 842 = o*f + 450. Calculate the greatest common divisor of f and v.
28
Let f(n) = -n**3 + 3*n**2 + 2*n. Let v be f(2). Suppose -v = -r - 3*r. Let m = -848 + 856. What is the greatest common factor of m and r?
2
Let f be 0 - (-101 - (-4)/2). Suppose 622*l + 210 = 628*l. Suppose 2*v = 0, 0 = 5*y + 4*v - l - 20. Calculate the greatest common divisor of f and y.
11
Suppose -93*b = -6*i - 95*b + 938, 3*b - 322 = -2*i. Calculate the highest common divisor of 12865 and i.
155
Let o(v) = -2*v**2 - 22*v + 2. Let l = 28 + -47. Let m = 8 + l. Let c be o(m). Calculate the greatest common factor of c and 10.
2
Suppose 1768 = 61*u - 16*u + 59*u. What is the highest common factor of u and 459?
17
Suppose 6*h - 2*v + 3 = 5*h, -5*h + 7 = v. Let g be (9 - (7 - h))*220/3. What is the greatest common divisor of 88 and g?
44
Let v(w) = 4*w**2 - 19*w - 22. Let b(j) = -5*j**2 + 20*j + 22. Let d(u) = 5*b(u) + 6*v(u). Let y be d(-8). What is the highest common divisor of y and 702?
26
Suppose -8*w - 65 = -185. Suppose 0 = 3*z + b - 60 - 63, 5*b + w = 0. What is the greatest common divisor of 54 and z?
6
Let n be (-16*6/60)/(2/(-5)). Suppose n*g - 52 = -3*p, -3*g - 3*p - p + 32 = 0. Calculate the greatest common factor of 16 and g.
16
Suppose -b + 1916 = 4*n, -4*n + 2388 = n + 3*b. What is the highest common divisor of 544 and n?
32
Suppose 15*s + 67 = 2167. Suppose -o + 4*o + 162 = 0. Let z = o - -110. What is the highest common divisor of s and z?
28
Suppose 870 = 5*x + 70. Suppose p - 3*m = 113, m - x + 31 = -p. Calculate the greatest common divisor of p and 25.
25
Let n = -609 + 610. Let w be ((1 - 5)*n - 1) + 65. Calculate the greatest common factor of w and 15.
15
Let b be 9 + 6*1/3. Suppose b + 1 = 2*p - 3*g, -20 = -2*p - g. Calculate the greatest common factor of p and 18.
9
Let g be ((-397)/(-3))/((-1430)/90 + 16). What is the highest common factor of g and 3?
3
Let r = 25 - 20. Suppose 4*b = 2*s + 2*s + 28, r*s = 0. Suppose b*q - 1428 = -0*q. What is the highest common divisor of 12 and q?
12
Let n be 215/(-2)*2/(-5). Let o = n - 38. Suppose -o*t + g = -190, t + 3*g - 49 = g. Calculate the highest common factor of 39 and t.
39
Suppose -5*c = -20, 3*x + 1976 = 2*c - 3*c. Let w be 100/(-15)*x/25. What is the highest common divisor of 16 and w?
16
Let u(x) = x**3 + 3*x**2 - 4*x + 2. Let k be u(1). Suppose -k*p + 3 = -p. Calculate the highest common divisor of p and 33.
3
Let a be 6261*2 - 7*-1*(-272)/952. Calculate the highest common factor of 40 and a.
40
Suppose 0 = -3*h + 4*p - 3*p + 9576, 5*p = 3*h - 9576. Calculate the greatest common divisor of h and 84.
84
Suppose 0 = -171*z + 187*z - 768. Calculate the greatest common divisor of z and 4056.
24
Suppose 343 = 5*h + 78. Suppose -v - 38 = -h. Calculate the highest common factor of 75 and v.
15
Suppose 0 = 36*f - 38*f - 5*o + 175, -2*o = -3*f + 348. Calculate the highest common divisor of f and 1056.
22
Suppose 63*w - 61*w = p - 19, -w = -2*p + 23. What is the greatest common divisor of 61 and p?
1
Let z be (-30)/40*(-860)/15. Let l(y) = 6*y**2 + 3*y - 2. Let c be l(2). Let g = z - c. What is the greatest common divisor of g and 6?
3
Let x be (-3)/8 - 611856/(-384). Calculate the greatest common divisor of x and 1416.
177
Suppose -5*c - 3 = -2*y, -9*y + 10*y - 5 = -c. Suppose -9*l + y*l = -1540. What is the highest common divisor of l and 28?
28
Let m be (1 - -1934) + -5 + -9. What is the highest common divisor of m and 68?
17
Let z be (-21)/(6/(-2)) - 0. Suppose z = 5*p - 578. Suppose 668*k - 679*k = -99. What is the highest common divisor of p and k?
9
Let d = 22 - -6. Let h(y) = y**3 + 23*y**2 - 28*y - 16. Let w be h(-24). Let l = w + -66. What is the highest common divisor of l and d?
14
Suppose -3*n = h - 863, 3*n + 5*h - 1445 = -2*n. Let a be (10 - n/28) + (-98)/(-8). Let z be (-1)/(0 - 3/252). Calculate the greatest common divisor of z and a.
12
Let i(z) = 25*z**2 - 569*z - 27. Let j be i(23). Calculate the highest common divisor of j and 21201.
111
Let h(y) = 2*y**3 - 12*y**2 + 11*y - 10. Let z be h(5). Let i be ((29/z - -4)*-15)/1. Calculate the greatest common factor of i and 999.
27
Let c be 10/(-3)*(-13)/(13/18). Suppose 110 = 5*g - 5*o, -3*g - 2*g = o - 98. What is the highest common factor of c and g?
20
Suppose -334 = -v - 0*x - 3*x, -4*x - 313 = -v. Let y be (-1 - -13)/(-24)*-78. Calculate the highest common factor of y and v.
13
Let n(p) = 24*p**2 - 12. Let c be n(5). Let x = 594 - c. What is the greatest common divisor of 153 and x?
3
Suppose 5*l = 420 - 455. Let j(x) = 3*x**2 + 11*x + 7. Let a be j(l). Calculate the greatest common divisor of 7 and a.
7
Suppose -30*k + 36*k = -1020. Let r = 200 + k. Calculate the highest common divisor of 300 and r.
30
Let x = 218 - 482. Let a = 275 + x. What is the greatest common factor of 143 and a?
11
Let d be (44 -